 0. What is the remainder when k is divided by 35?
20
Suppose 4*p = -17 - 15. What is the remainder when (p/8)/((-1)/6) is divided by 5?
1
Let z(g) = 2*g**3 - 5*g**2 - 42*g + 165. What is the remainder when 85 is divided by z(4)?
40
Suppose -d + 4*z - 2*z = -146, -d + 146 = z. Let r = d - 108. Calculate the remainder when r is divided by -1 + (4 + -2 - -9).
8
Let x(f) = 13*f - 76. Calculate the remainder when 165 is divided by x(12).
5
Let o be (1 - 22/(-4))*2. Let p be o/(1 + (-2)/4). Let w = -12 + p. What is the remainder when 41 is divided by w?
13
What is the remainder when ((-774)/15)/(6/(-60)) is divided by 47?
46
Let i(q) = 5*q - 24. Let y be i(7). Suppose -y*a = -463 + 111. What is the remainder when -3*42/(-1) + -1 is divided by a?
29
Let z(g) = 16*g + 6. Calculate the remainder when 54 is divided by z(1).
10
Suppose 54*d = -3*w + 55*d + 100, 4*d = 5*w - 176. Calculate the remainder when 65 is divided by w.
1
Let n(l) = 3*l**3 + l**2. Let g be n(-1). What is the remainder when 13 is divided by g/(-5) - 144/(-40)?
1
Suppose -5*z + 6340 = 4*v, -3*z + 2749 = 4*v - 3591. Calculate the remainder when v is divided by 159.
154
Calculate the remainder when (27 - (0 - 5)) + -4 is divided by 8.
4
Let z(k) = k**3 + 9*k**2 + 12*k. Let t be z(-7). Let l = t - 6. What is the remainder when 54 is divided by l?
6
Suppose 42*j = 41*j + 7. Calculate the remainder when ((-3)/4)/(1/(-72)) is divided by j.
5
Suppose 5*i - 3*h = 82 + 100, -2*i - h = -75. Calculate the remainder when i is divided by (-18)/(36/(-8) + 3).
1
Let r be (-8)/6*(-45)/20. Suppose -3*a = 5*u - 132, 0*u - 82 = -r*u + a. What is the remainder when u is divided by 6?
3
Let y = -19 - -88. What is the remainder when y is divided by -1 - (6/2 - 22)?
15
Suppose 0 = -2*l + 5*r + 41, 4 = 3*l - 34*r + 38*r. What is the remainder when 1766 is divided by l?
6
Let i be (-27)/(-9)*1*-1. Let k be (i/4)/(1/(-4)). Calculate the remainder when 39 is divided by (-166)/(-8) - k/4.
19
Let j(u) = u**2 + 2*u - 3. Let t = 945 - 757. Calculate the remainder when t is divided by j(4).
20
Suppose 134*u - 93*u - 8241 = 0. What is the remainder when u is divided by 51?
48
Let a = -3 + 13. What is the remainder when a is divided by 86/(-20)*-2 - (-27)/(-45)?
2
Suppose -3*v + 15 = 0, v + 2*v = -4*f + 199. What is the remainder when 365 is divided by f?
43
Let v be 21/3 - 12/4. Let r = v + 3. What is the remainder when r/(-3)*(5 + -8) is divided by 4?
3
Calculate the remainder when 62 is divided by ((-1)/2)/((-29)/1914).
29
Suppose 3*k = -4*g - 15, -5*k + 7 = -4*g - 0*k. Suppose 3*t - 8*t = -80. What is the remainder when (-1 - g)/((-12)/(-366)) is divided by t?
13
Suppose 0 = -9*v - 38 + 281. What is the remainder when (-5)/(-1 - (-9)/10) is divided by v?
23
What is the remainder when (-134888)/(-1040) + (-6)/(-20) is divided by 44?
42
Let i(z) = z**2 - 14*z - 12. Let l(a) = -4*a - 4. Let k be l(-4). Suppose 0 = -3*r + t - 3 + k, 3*r - 4*t = 0. What is the remainder when r is divided by i(-1)?
1
Suppose -1 + 5 = x. Suppose 0 = x*g + 37 - 137. Let z = -5 + 12. Calculate the remainder when g is divided by z.
4
Suppose 4059 = 24*i + 9*i. What is the remainder when i is divided by 7?
4
Let t(s) = -10 - 3*s + s**2 - 2 - 6*s. Suppose -w = -4*r + 108, 2*w - 22 = -2*r + 42. Calculate the remainder when r is divided by t(11).
8
Let a(b) = -2*b + 24. Let k be a(13). What is the remainder when 3/(-2) - 141/k is divided by 19?
12
Let z(s) = 14*s**2 - s + 2. Let w be z(1). Suppose -19*i + 48 = -w*i. Calculate the remainder when 21 is divided by i.
9
Let t = 255 - 209. Calculate the remainder when 134 is divided by t.
42
Let d = -81 + 211. Let a = -74 + d. Calculate the remainder when a is divided by 21.
14
Suppose -11 - 65 = -4*p. Let f = 274 - 158. Let o = f - 81. Calculate the remainder when o is divided by p.
16
Suppose -2*s + 4 = -4*o, 4 = -3*o + 5*o. Suppose -s = -a + 6. What is the remainder when 43 is divided by a*2/3 + 3?
10
Suppose -f + 420 = 29*f. What is the remainder when 32 is divided by f?
4
Calculate the remainder when (183 - -3)/6 - 5 is divided by (5 - 1)*(-14)/(-8).
5
Suppose -r - 2*r + 249 = 0. Suppose -a = 7 - 4, -4*a = 4*f - 56. What is the remainder when r is divided by f?
15
Let i(j) = 75*j**3 + j**2 + 2*j - 2. Let x be (-2)/8 - (-25)/20. Calculate the remainder when i(x) is divided by 13.
11
Let p(u) = -u - 4. Let q be p(4). Let f be (22/4)/(11/132). What is the remainder when 32 is divided by (q/(-12))/(4/f)?
10
Suppose -16 = -6*k + 20. Let s = k + -13. Let f(b) = b**2 + 8*b + 8. Calculate the remainder when f(s) is divided by 1.
0
Calculate the remainder when 95 is divided by (248/14)/(24/84).
33
Let p = -1078 + 1316. Calculate the remainder when p is divided by 106.
26
Let w = 11 + -2. Let u(j) = j**3 - 16*j**2 + 4*j + 22. Let o be u(16). Suppose o = 5*c - 2*d, 2*c + 5*d + 0 = 17. What is the remainder when c is divided by w?
7
Let w = -64 - -84. What is the remainder when 110 is divided by w?
10
Suppose 0 = 2*l + 3*k - 33, 3*k = -4*l + 5*k + 26. Let p(r) = r**2 - 3*r - 2. What is the remainder when l is divided by p(4)?
1
Let m = 160 - 129. What is the remainder when 104 is divided by m?
11
Suppose 0 = 4*r + 3*l - 63, -5*l + 10*l - 25 = 0. Calculate the remainder when 8 is divided by r/20 + (-34)/(-10).
0
Let w = 462 + -427. What is the remainder when (-1)/(-3) + (-413)/(-3) is divided by w?
33
Suppose 0 = -2*v - 2*b + 122, 2*v - 9*b = -5*b + 128. Let t = v - 39. Calculate the remainder when 66 is divided by t.
20
Let u(h) = 5*h + 4 + 1 - 1 - 5. What is the remainder when (5/(-2))/(2/(-20)) is divided by u(3)?
11
Let t = 383 - 150. Suppose -36 - 58 = -2*m. What is the remainder when t is divided by m?
45
Suppose 71*o + 654 = 73*o. Calculate the remainder when o is divided by 33.
30
Let j = -645 - -666. What is the remainder when 58 is divided by j?
16
Let z(q) = q**2 - 33*q - 1869. Calculate the remainder when z(63) is divided by 12 - 1/(2 - 1).
10
Let h = -2 - 36. Let q(m) = 18*m - 18. Calculate the remainder when q(4) is divided by -3*1/6*h.
16
Let h(a) = a**3 - 17*a**2 + 5*a - 23. What is the remainder when 243 is divided by h(17)?
57
Let m = 18 + 19. What is the remainder when m is divided by 13?
11
Suppose -4*l - 48 = -544. Calculate the remainder when 371 is divided by l.
123
What is the remainder when 83 is divided by 2*64/96*(-12)/(-1)?
3
Suppose -23*k + 1632 = -7*k. Calculate the remainder when k is divided by 21.
18
Let g(k) = -k + 13. What is the remainder when 136 is divided by g(-16)?
20
Suppose -78 = -3*g + 5*c - 3*c, 155 = 5*g + 5*c. What is the remainder when 55 is divided by g?
27
Let f(m) = m**2 + m + 2. Let t be f(-1). Suppose 5*z - 54 = -u, 0*z + t*z + 3*u - 32 = 0. Calculate the remainder when z is divided by 3.
1
Let c(g) = -19 - 6*g + 2*g + 0 + 0. What is the remainder when c(-9) is divided by 6?
5
Let v(c) = -c**3 - 18*c**2 - 6*c - 3. Let l be v(-17). Calculate the remainder when 74 is divided by l/(-4)*(-14)/(-35).
17
Suppose -419 = -8*o + 1421. What is the remainder when 468 is divided by o?
8
Suppose 3*q + 132 = 774. Suppose 92 + 394 = 9*w. What is the remainder when q is divided by w?
52
Let p be -4 + 0 + 2 + 2. Suppose 2*s + 3*z - 28 = z, 4*s - 5*z - 11 = p. Calculate the remainder when 32 - ((-36)/(-8) - 3)*-2 is divided by s.
8
Let d be -1*(2 - 13)*-3. Let v = d - -44. What is the remainder when 31 is divided by v?
9
Let v = 43 + 23. Let g = v + 24. Calculate the remainder when g is divided by 7.
6
Suppose w = 4*a + 24, -3*a - 2*a - 45 = -2*w. Let r = 125 + -50. What is the remainder when r is divided by w?
15
Suppose 2 = 8*w - 14. Let h(u) = -u**2 + 11*u - 3. Let l be h(8). Suppose 5*g + f - 60 = 6*f, -f + l = w*g. What is the remainder when 42 is divided by g?
9
Let j(w) = -3*w + 74. Calculate the remainder when j(0) is divided by 2/6 + 56/3.
17
Suppose 3*q = -14 + 113. Let o = q + -8. Suppose -o = -5*z + 20. What is the remainder when z is divided by 3?
0
Let p be (263/3)/(6/36*2). Suppose 5*q - a = p, -3*q + 149 = -2*a - 3*a. Calculate the remainder when 209 is divided by q.
50
Let u(a) = -a**2 + 14*a - 3. Let h be 100/10*(-6)/(-5). Let v = -8 + h. What is the remainder when u(13) is divided by v?
2
Let f = -439 - -673. Calculate the remainder when f is divid